j(-2). Suppose -5*g + 0*u + u = -142, -2*g + 2*u = -60. Let o = g + w. What is the highest common divisor of 35 and o?
7
Suppose 2*a = -94 + 334. What is the greatest common divisor of 12 and a?
12
Let k be 117/5 + (-6)/15. Suppose -k + 75 = 2*l. Let z be (2/(-4))/((-1)/l). Calculate the greatest common divisor of z and 143.
13
Suppose 4*h - h = 111. What is the greatest common divisor of 37 and h?
37
Let x be 1/(23/11 - 2). Let i be 5/1*2 + 2. Suppose -5*z = -67 + i. Calculate the greatest common factor of z and x.
11
Let p(b) = b**3 + 9*b**2 + b - 7. Let m be p(-5). Suppose 0 = -2*d - 2*d - m. Let s = d + 34. Calculate the greatest common divisor of 18 and s.
6
Suppose q + 2*u + 3 + 1 = 0, 0 = -4*u - 12. Suppose -38 = -3*v - 2*y, -y - q*y = -v + 9. What is the highest common factor of v and 6?
6
Let s(l) = 2*l**3 + l**2 + 2*l + 1. Let y be s(2). What is the greatest common factor of 225 and y?
25
Let r(w) = w**3 + 1 + 14*w - 16*w - 3*w**2 - 2*w**3. Let k be r(-3). Calculate the highest common divisor of 77 and k.
7
Suppose 0 = 5*t - 6 + 36. Let l be (-16)/(-6)*t/(-4). What is the highest common factor of 4 and l?
4
Let b = 1 - 1. Let c be (1 + b - -2) + 25. Calculate the greatest common divisor of 7 and c.
7
Let y(w) = -7*w + 26*w + 2 - 1. Let u be y(1). Calculate the highest common divisor of 20 and u.
20
Let m be -220*(-4 + 3) + 4. Suppose 7*j = 3*j + m. Calculate the highest common divisor of 7 and j.
7
Suppose -z - 18 = -5*g, 9 = -2*g + 6*g + z. Suppose 0 = g*k + 2*k - 60. What is the highest common factor of k and 108?
12
Let c = 14 - 10. What is the greatest common divisor of 4 and c?
4
Let d(s) = -s**2 - 19*s - 6. Let i(j) = 3*j**2 + 56*j + 18. Let h(w) = -11*d(w) - 4*i(w). Let k be h(-13). Calculate the highest common factor of 50 and k.
10
Let k be (3/2)/(2/(-4)). Let u be 1 + -3 - -7 - k. What is the greatest common divisor of 40 and u?
8
Let f = 22 - 12. What is the greatest common factor of f and 10?
10
Let u(g) = 2*g**2 - 2*g - 1. Let x be u(-1). Suppose 0 = -k - x + 10. What is the highest common divisor of 35 and k?
7
Suppose 165 + 30 = -3*v. Let p = v - -191. Calculate the highest common divisor of p and 14.
14
Suppose f = -3*f - 4, 0 = -z - 2*f + 75. Let x = -44 + z. Calculate the highest common divisor of 11 and x.
11
Suppose -12 = -6*f + 3*f. Suppose 64 = f*h - 0*h. What is the greatest common divisor of h and 48?
16
Let k be 14/(-1)*7/(-14). Calculate the highest common factor of 21 and k.
7
Let k be 60*(3 + (-6)/4). Calculate the highest common divisor of 36 and k.
18
Let m be ((-14)/7)/(2/(-3)). Calculate the greatest common divisor of 48 and m.
3
Let t be (1161/21)/1 - 14/49. What is the greatest common divisor of 5 and t?
5
Let i = -123 + 152. Calculate the greatest common factor of i and 29.
29
Suppose -5*n + 10 = d - 19, 4*n = 3*d - 11. Suppose -4*f + 4*v = -124, 3*f - 2*v - 2*v - 97 = 0. Calculate the greatest common factor of d and f.
9
Let d be (-4 - -2) + 4 + -2. Let l = 1 - d. Calculate the greatest common divisor of 8 and l.
1
Let t = 0 + 30. Calculate the greatest common divisor of 150 and t.
30
Let c be (-9)/(9/4) + 14. What is the greatest common divisor of 110 and c?
10
Suppose -4*i + 184 = -616. Calculate the highest common divisor of 25 and i.
25
Let z be (-1)/(-3) + (-1050)/(-9). Suppose -111 = -3*o - q, 2*o - 41 = -3*q + 26. Let a = o + -25. What is the highest common divisor of z and a?
13
Let o(r) = -4*r + 4. Let i(x) = x**3 - 6*x**2 + 4*x - 2. Let s be i(5). Let m be o(s). What is the greatest common factor of 16 and m?
16
Let p = 15 - 11. Suppose 3*u - 31 = -h, 2*u + 51 = 3*h - 2*h. Suppose -5*k - 128 = -5*l - h, 89 = 4*l + 3*k. Calculate the highest common factor of l and p.
4
Suppose -5*a + 0*a - 40 = 5*b, 3*a + 3 = 0. Let j = b + 19. Calculate the greatest common divisor of 132 and j.
12
Suppose 0 = -3*w + 345 - 45. Suppose 260 + w = 5*y. Calculate the highest common factor of 9 and y.
9
Suppose 67*a - 363 = 56*a. Calculate the highest common factor of 3 and a.
3
Suppose -2*b - 7 = -5*g - b, 4*g + b - 2 = 0. Calculate the highest common divisor of g and 9.
1
Suppose 4*a = -71 + 7. Let p be a/4*(-21)/4. Let y = -9 + p. Calculate the highest common factor of 12 and y.
12
Let t(m) = m + 143. Let b be t(0). Suppose 4*q + 0*d - 96 = 2*d, 5*q = 2*d + 122. Suppose -3*g + g = -q. What is the greatest common divisor of g and b?
13
Let k be (-7)/((-35)/1802) - (-10)/(-25). What is the greatest common divisor of 40 and k?
40
Let a be (0 - -1)*(2 - -30). Let j = a + -18. Suppose 0 = 5*h + 2 - 37. Calculate the greatest common divisor of h and j.
7
Suppose -3*n + n = 0. Suppose d = 4 - n. Suppose 0 = -2*j + 75 + 13. Calculate the greatest common divisor of j and d.
4
Let s(i) = -i**2 + 10*i + 9. Let h be s(6). Calculate the highest common factor of 55 and h.
11
Suppose -117 - 11 = -2*u. Let x(c) = -c**2 - 9*c + 8. Let v be x(-8). Calculate the highest common divisor of u and v.
16
Let f(q) be the second derivative of 1/6*q**4 - 2*q**2 + q + 0 + q**3. Let y be f(-5). Calculate the greatest common factor of y and 80.
16
Suppose -b + q + 19 = 0, -13*q = 3*b - 9*q - 50. What is the highest common factor of 306 and b?
18
Suppose 3*x = -3*t + x + 158, 4*x = 4*t - 224. What is the greatest common factor of 135 and t?
27
Let t = -23 - -22. Let k = 2 - t. Calculate the highest common factor of 12 and k.
3
Let a(c) = c**2 - c - 8. Let s be a(-4). Calculate the highest common divisor of 30 and s.
6
Let w(i) = -3*i - 13. Let a be w(-11). Let y = -2 + a. Calculate the highest common divisor of 126 and y.
18
Let j be -6*3/(-6)*1. Suppose j*o - 9 = 9. Calculate the highest common divisor of 42 and o.
6
Let t = -27 + 54. What is the greatest common divisor of 81 and t?
27
Suppose -1 - 8 = b. Let s be (-2)/b - (-16)/9. Suppose -s*k - 144 = -4*k. Calculate the greatest common factor of k and 9.
9
Let l be 3/6*-2 - -3. Suppose l*f - 332 = -2*f. Suppose 45 + f = 2*u. What is the greatest common factor of 8 and u?
8
Let c be (-1)/2 - (-51)/6. What is the highest common factor of c and 56?
8
Let q = -93 - -177. Suppose -4*x = -28 - q. Suppose 0 = -4*h + 20, 0 = 5*z + 5*h - 45. What is the highest common divisor of z and x?
4
Suppose 0 = 9*o - o - 224. Calculate the highest common divisor of 14 and o.
14
Suppose -42*x + 600 = -37*x. Calculate the highest common factor of x and 15.
15
Let t(y) = 3 + 16*y - 6 + 1 - 7. Let d be t(4). What is the greatest common divisor of 22 and d?
11
Let q = 2 + -4. Let v be (q - 5/(-2))*-232. Let k = 182 + v. What is the highest common factor of k and 6?
6
Let x = 49 + -13. What is the highest common factor of x and 9?
9
Let w be 5*(-2)/(-2) + 51. Calculate the greatest common factor of 7 and w.
7
Suppose a - 5*h = 37, -a + 4*h + 22 = 2*h. Let s be (-48)/(-5)*(-30)/(-9)*3. Calculate the greatest common divisor of a and s.
12
Let s be (-43)/(-3) - (-1)/(-3). Suppose 28 + 54 = 2*d. Let q = 57 + d. Calculate the highest common factor of q and s.
14
Suppose -3*t - 4*w = -2*t - 189, 0 = t - 3*w - 217. What is the greatest common divisor of t and 82?
41
Let x = 9 + -4. Let q(s) = -s**2 - 15*s - 10. Let w be q(-15). Let a be 0 + -1 + (-60)/w. What is the highest common divisor of a and x?
5
Let n(g) = 2*g - 2. Let v be n(-4). Let c = v + 25. Calculate the greatest common factor of c and 120.
15
Let u = 1 - -4. Suppose -3*z + u*s + 88 = 0, 2*z - 4*s = z + 41. Let j(n) = -n**2 - 6*n + 7. Let v be j(-6). What is the greatest common factor of z and v?
7
Let a(y) = -y**3 - 12*y**2 + 16*y - 7. Let g be a(-14). What is the greatest common divisor of g and 23?
23
Let z = -3 - -22. What is the greatest common divisor of 209 and z?
19
Let v(c) = c**3 + 121. Let r be (-21)/(-14) - 3/2. Let i be v(r). Calculate the greatest common divisor of 11 and i.
11
Let p = 20 + -18. Calculate the greatest common factor of p and 1.
1
Suppose 0*o - 28 = 4*o. Let f = o + 12. Let p(s) = -8*s + 1. Let x be p(-3). Calculate the greatest common divisor of x and f.
5
Suppose -26*r = -21*r - 60. What is the highest common factor of r and 4?
4
Suppose -2*z = -2*h + 2, 2*h + 23 = -5*z + h. Let b = 5 + z. Let g be b/(-4) - (-177)/4. Calculate the highest common factor of 11 and g.
11
Let f be (3*-2)/(-3) + 11. What is the highest comm